{"version":"1.0","provider_name":"Rijstal De Blinkert","provider_url":"https:\/\/www.rijstaldeblinkert.nl\/rijstal-de-blinkert","author_name":"admin","author_url":"https:\/\/www.rijstaldeblinkert.nl\/rijstal-de-blinkert\/author\/admin\/","title":"Feste zum Jubil\u00e4um - Rijstal De Blinkert","type":"rich","width":600,"height":338,"html":"<blockquote class=\"wp-embedded-content\" data-secret=\"e6XpdlU1sc\"><a href=\"https:\/\/www.rijstaldeblinkert.nl\/rijstal-de-blinkert\/de\/feste-wegen-unseres-jubilaums\/\">Feste zum Jubil\u00e4um<\/a><\/blockquote><iframe sandbox=\"allow-scripts\" security=\"restricted\" src=\"https:\/\/www.rijstaldeblinkert.nl\/rijstal-de-blinkert\/de\/feste-wegen-unseres-jubilaums\/embed\/#?secret=e6XpdlU1sc\" width=\"600\" height=\"338\" title=\"&#8220;Feste zum Jubil\u00e4um&#8221; &#8212; Rijstal De Blinkert\" data-secret=\"e6XpdlU1sc\" frameborder=\"0\" marginwidth=\"0\" marginheight=\"0\" scrolling=\"no\" class=\"wp-embedded-content\"><\/iframe><script>\n\/*! This file is auto-generated *\/\n!function(d,l){\"use strict\";l.querySelector&&d.addEventListener&&\"undefined\"!=typeof URL&&(d.wp=d.wp||{},d.wp.receiveEmbedMessage||(d.wp.receiveEmbedMessage=function(e){var t=e.data;if((t||t.secret||t.message||t.value)&&!\/[^a-zA-Z0-9]\/.test(t.secret)){for(var s,r,n,a=l.querySelectorAll('iframe[data-secret=\"'+t.secret+'\"]'),o=l.querySelectorAll('blockquote[data-secret=\"'+t.secret+'\"]'),c=new RegExp(\"^https?:$\",\"i\"),i=0;i<o.length;i++)o[i].style.display=\"none\";for(i=0;i<a.length;i++)s=a[i],e.source===s.contentWindow&&(s.removeAttribute(\"style\"),\"height\"===t.message?(1e3<(r=parseInt(t.value,10))?r=1e3:~~r<200&&(r=200),s.height=r):\"link\"===t.message&&(r=new URL(s.getAttribute(\"src\")),n=new URL(t.value),c.test(n.protocol))&&n.host===r.host&&l.activeElement===s&&(d.top.location.href=t.value))}},d.addEventListener(\"message\",d.wp.receiveEmbedMessage,!1),l.addEventListener(\"DOMContentLoaded\",function(){for(var e,t,s=l.querySelectorAll(\"iframe.wp-embedded-content\"),r=0;r<s.length;r++)(t=(e=s[r]).getAttribute(\"data-secret\"))||(t=Math.random().toString(36).substring(2,12),e.src+=\"#?secret=\"+t,e.setAttribute(\"data-secret\",t)),e.contentWindow.postMessage({message:\"ready\",secret:t},\"*\")},!1)))}(window,document);\n\/\/# sourceURL=https:\/\/www.rijstaldeblinkert.nl\/wp-includes\/js\/wp-embed.min.js\n<\/script>\n","description":"Wie Sie alle wissen, feiern wir in diesem Jahr unser 50-j\u00e4hriges Jubil\u00e4um &#x1f389; Da wir das nat\u00fcrlich selbst gerne feiern, sind wir leider am 21. und 22. September geschlossen. Wir werden an diesem Wochenende mit vielen (alten) Mitarbeitern unser Jubil\u00e4um feiern. Wenn Sie im September fahren m\u00f6chten, vereinbaren Sie einen Termin f\u00fcr ein weiteres Wochenende.","thumbnail_url":"https:\/\/www.rijstaldeblinkert.nl\/wp-content\/uploads\/2018\/09\/Logo-Rijstal-De-Blinkert-Ameland.jpg","thumbnail_width":494,"thumbnail_height":198}

Feste zum Jubiläum - Rijstal De Blinkert

<blockquote class="wp-embedded-content" data-secret="e6XpdlU1sc"><a href="https://www.rijstaldeblinkert.nl/rijstal-de-blinkert/de/feste-wegen-unseres-jubilaums/">Feste zum Jubiläum</a></blockquote><iframe sandbox="allow-scripts" security="restricted" src="https://www.rijstaldeblinkert.nl/rijstal-de-blinkert/de/feste-wegen-unseres-jubilaums/embed/#?secret=e6XpdlU1sc" width="600" height="338" title="&#8220;Feste zum Jubiläum&#8221; &#8212; Rijstal De Blinkert" data-secret="e6XpdlU1sc" frameborder="0" marginwidth="0" marginheight="0" scrolling="no" class="wp-embedded-content"></iframe><script>
/*! This file is auto-generated */
!function(d,l){"use strict";l.querySelector&&d.addEventListener&&"undefined"!=typeof URL&&(d.wp=d.wp||{},d.wp.receiveEmbedMessage||(d.wp.receiveEmbedMessage=function(e){var t=e.data;if((t||t.secret||t.message||t.value)&&!/[^a-zA-Z0-9]/.test(t.secret)){for(var s,r,n,a=l.querySelectorAll('iframe[data-secret="'+t.secret+'"]'),o=l.querySelectorAll('blockquote[data-secret="'+t.secret+'"]'),c=new RegExp("^https?:$","i"),i=0;i<o.length;i++)o[i].style.display="none";for(i=0;i<a.length;i++)s=a[i],e.source===s.contentWindow&&(s.removeAttribute("style"),"height"===t.message?(1e3<(r=parseInt(t.value,10))?r=1e3:~~r<200&&(r=200),s.height=r):"link"===t.message&&(r=new URL(s.getAttribute("src")),n=new URL(t.value),c.test(n.protocol))&&n.host===r.host&&l.activeElement===s&&(d.top.location.href=t.value))}},d.addEventListener("message",d.wp.receiveEmbedMessage,!1),l.addEventListener("DOMContentLoaded",function(){for(var e,t,s=l.querySelectorAll("iframe.wp-embedded-content"),r=0;r<s.length;r++)(t=(e=s[r]).getAttribute("data-secret"))||(t=Math.random().toString(36).substring(2,12),e.src+="#?secret="+t,e.setAttribute("data-secret",t)),e.contentWindow.postMessage({message:"ready",secret:t},"*")},!1)))}(window,document);
//# sourceURL=https://www.rijstaldeblinkert.nl/wp-includes/js/wp-embed.min.js
</script>

Wie Sie alle wissen, feiern wir in diesem Jahr unser 50-jähriges Jubiläum &#x1f389; Da wir das natürlich selbst gerne feiern, sind wir leider am 21. und 22. September geschlossen. Wir werden an diesem Wochenende mit vielen (alten) Mitarbeitern unser Jubiläum feiern. Wenn Sie im September fahren möchten, vereinbaren Sie einen Termin für ein weiteres Wochenende.
